{"id":1194,"date":"2017-03-13T22:04:15","date_gmt":"2017-03-13T22:04:15","guid":{"rendered":"http:\/\/aguasdelcesar.gov.co\/?page_id=1194"},"modified":"2018-01-09T14:56:20","modified_gmt":"2018-01-09T14:56:20","slug":"meci-10002014","status":"publish","type":"page","link":"https:\/\/aguasdelcesar.gov.co\/antiguo\/meci-10002014\/","title":{"rendered":"MECI 1000:2014"},"content":{"rendered":"<p>[et_pb_section transparent_background=\u00bboff\u00bb allow_player_pause=\u00bboff\u00bb inner_shadow=\u00bboff\u00bb parallax=\u00bboff\u00bb parallax_method=\u00bbon\u00bb make_fullwidth=\u00bboff\u00bb use_custom_width=\u00bboff\u00bb width_unit=\u00bboff\u00bb custom_width_px=\u00bb1080px\u00bb custom_width_percent=\u00bb80%\u00bb make_equal=\u00bboff\u00bb use_custom_gutter=\u00bboff\u00bb fullwidth=\u00bbon\u00bb specialty=\u00bboff\u00bb admin_label=\u00bbSecci\u00f3n\u00bb disabled=\u00bboff\u00bb][et_pb_fullwidth_header title=\u00bbMECI 1000:2014&#8243; background_layout=\u00bbdark\u00bb text_orientation=\u00bbleft\u00bb header_fullscreen=\u00bboff\u00bb header_scroll_down=\u00bboff\u00bb scroll_down_icon=\u00bb;\u00bb background_url=\u00bbhttp:\/\/aguasdelcesar.gov.co\/wp-content\/uploads\/2017\/02\/fondo-titulos-azul.png\u00bb background_color=\u00bb#0842a5&#8243; parallax=\u00bboff\u00bb parallax_method=\u00bbon\u00bb content_orientation=\u00bbcenter\u00bb image_orientation=\u00bbcenter\u00bb admin_label=\u00bbT\u00edtulo de anchura completa\u00bb title_font_size=\u00bb30px\u00bb content_font_size=\u00bb14px\u00bb custom_button_one=\u00bboff\u00bb button_one_text_size=\u00bb20&#8243; button_one_letter_spacing=\u00bb0&#8243; button_one_use_icon=\u00bbdefault\u00bb button_one_icon_placement=\u00bbright\u00bb button_one_on_hover=\u00bbon\u00bb button_one_letter_spacing_hover=\u00bb0&#8243; custom_button_two=\u00bboff\u00bb button_two_text_size=\u00bb20&#8243; button_two_letter_spacing=\u00bb0&#8243; button_two_use_icon=\u00bbdefault\u00bb button_two_icon_placement=\u00bbright\u00bb button_two_on_hover=\u00bbon\u00bb button_two_letter_spacing_hover=\u00bb0&#8243; disabled=\u00bboff\u00bb] [\/et_pb_fullwidth_header][\/et_pb_section][et_pb_section transparent_background=\u00bboff\u00bb allow_player_pause=\u00bboff\u00bb inner_shadow=\u00bboff\u00bb parallax=\u00bboff\u00bb parallax_method=\u00bbon\u00bb make_fullwidth=\u00bboff\u00bb use_custom_width=\u00bboff\u00bb width_unit=\u00bboff\u00bb custom_width_px=\u00bb1080px\u00bb custom_width_percent=\u00bb80%\u00bb make_equal=\u00bboff\u00bb use_custom_gutter=\u00bboff\u00bb fullwidth=\u00bboff\u00bb specialty=\u00bboff\u00bb admin_label=\u00bbSecci\u00f3n\u00bb disabled=\u00bboff\u00bb][et_pb_row make_fullwidth=\u00bboff\u00bb use_custom_width=\u00bboff\u00bb width_unit=\u00bboff\u00bb custom_width_px=\u00bb1080px\u00bb custom_width_percent=\u00bb80%\u00bb use_custom_gutter=\u00bboff\u00bb gutter_width=\u00bb3&#8243; allow_player_pause=\u00bboff\u00bb parallax=\u00bboff\u00bb parallax_method=\u00bbon\u00bb make_equal=\u00bboff\u00bb parallax_1=\u00bboff\u00bb parallax_method_1=\u00bbon\u00bb parallax_2=\u00bboff\u00bb parallax_method_2=\u00bbon\u00bb parallax_3=\u00bboff\u00bb parallax_method_3=\u00bbon\u00bb parallax_4=\u00bboff\u00bb parallax_method_4=\u00bbon\u00bb admin_label=\u00bbFila\u00bb disabled=\u00bboff\u00bb][et_pb_column type=\u00bb2_3&#8243; disabled=\u00bboff\u00bb parallax=\u00bboff\u00bb parallax_method=\u00bbon\u00bb][et_pb_text background_layout=\u00bblight\u00bb text_orientation=\u00bbleft\u00bb admin_label=\u00bbTexto\u00bb use_border_color=\u00bboff\u00bb border_style=\u00bbsolid\u00bb disabled=\u00bboff\u00bb][\/et_pb_text][et_pb_text background_layout=\u00bblight\u00bb text_orientation=\u00bbleft\u00bb use_border_color=\u00bboff\u00bb border_style=\u00bbsolid\u00bb disabled=\u00bboff\u00bb]<\/p>\n<h1 itemprop=\"name\">Modelo Estandar de Control Interno &#8211; MECI<\/h1>\n<\/p>\n<p style=\"text-align: justify;\"><em>El Modelo Est\u00e1ndar de Control Interno MECI, tiene como finalidad, facilitar el desarrollo e implementaci\u00f3n del Sistema de Control Interno en las Organizaciones del Estado obligadas a cumplirlo. Esta estructura genera pautas para que estas controlen la estrategia, la gesti\u00f3n y la evaluaci\u00f3n a su interior, de tal manera que se cumplan los objetivos institucionales, facilitando la implementaci\u00f3n y fortalecimiento del Control Interno. As\u00ed pues, el Sistema de Control Interno, se orienta a la configuraci\u00f3n de estructuras de control de la planeaci\u00f3n, de la gesti\u00f3n, de la evaluaci\u00f3n y seguimiento para lograr que las entidades cumplan los objetivos institucionales propuestos y se contribuya con la consecuci\u00f3n de los fines esenciales del Estado.<\/em><\/p>\n<p style=\"text-align: justify;\"><em>A trav\u00e9s del Decreto 943 de 21 mayo de 2014, se adopt\u00f3 la actualizaci\u00f3n del Modelo Est\u00e1ndar de Control Interno \u2013 MECI, en el cual se definen los lineamientos y las metodolog\u00edas necesarias para que las organizaciones establezcan, implementen y fortalezcan el Sistema de Control Interno. Con este decreto se establecen las fases que deben cumplir las Organizaciones para la actualizaci\u00f3n del modelo, clarifica las responsabilidades asignadas, los producto m\u00ednimos para cada elemento, entre otras pautas necesarias para la implementaci\u00f3n del MECI 2014.<\/em><\/p>\n<p style=\"text-align: justify;\"><em><a href=\"..\/wp-content\/uploads\/2017\/08\/MECI.png\"><img loading=\"lazy\" src=\"..\/wp-content\/uploads\/2017\/08\/MECI-1024x471.png\" width=\"1024\" height=\"471\" alt=\"\" class=\"wp-image-1418 alignnone size-large\" srcset=\"https:\/\/aguasdelcesar.gov.co\/antiguo\/wp-content\/uploads\/2017\/08\/MECI-1024x471.png 1024w, https:\/\/aguasdelcesar.gov.co\/antiguo\/wp-content\/uploads\/2017\/08\/MECI-300x138.png 300w, https:\/\/aguasdelcesar.gov.co\/antiguo\/wp-content\/uploads\/2017\/08\/MECI-768x353.png 768w, https:\/\/aguasdelcesar.gov.co\/antiguo\/wp-content\/uploads\/2017\/08\/MECI-1080x497.png 1080w, https:\/\/aguasdelcesar.gov.co\/antiguo\/wp-content\/uploads\/2017\/08\/MECI.png 1335w\" sizes=\"(max-width: 1024px) 100vw, 1024px\" \/><\/a><\/em><\/p>\n<p style=\"text-align: justify;\"><em><\/em><\/p>\n<p style=\"text-align: justify;\"><em>Entre las principales novedades que trae la actualizaci\u00f3n del modelo, se encuentra que los tres subsistemas de control a los que se refer\u00eda la versi\u00f3n anterior se convierten en dos M\u00f3dulos de Control, que sirven como unidad b\u00e1sica para realizar el control a la planeaci\u00f3n y la gesti\u00f3n institucional, y a la evaluaci\u00f3n y seguimiento. A partir de esta modificaci\u00f3n, la informaci\u00f3n y comunicaci\u00f3n se convierten en un eje transversal al Modelo, teniendo en cuenta que hacen parte de todas las actividades de control de las entidades.<\/em><\/p>\n<p style=\"text-align: justify;\"><em><strong>Control de la Planeaci\u00f3n y Gesti\u00f3n:<\/strong>\u00a0Este m\u00f3dulo busca agrupar los par\u00e1metros de control que orientan la entidad hacia el cumplimiento de su visi\u00f3n, misi\u00f3n, objetivos, principios, metas y pol\u00edticas al igual que los aspectos que permiten el desarrollo de la gesti\u00f3n dentro de los que se encuentran: Talento Humano, planes, programas, procesos, indicadores, procedimientos, recursos, y administraci\u00f3n de los riesgos.<\/em><\/p>\n<p style=\"text-align: justify;\"><em><strong>Control de Evaluaci\u00f3n y Seguimiento<\/strong>: Agrupa los par\u00e1metros que garantizan la valoraci\u00f3n permanente de los resultados de la entidad, a trav\u00e9s de sus diferentes mecanismos de verificaci\u00f3n, evaluaci\u00f3n y seguimiento.<\/em><\/p>\n<p style=\"text-align: justify;\"><em><strong>Eje transversal:<\/strong>\u00a0Informaci\u00f3n y Comunicaci\u00f3n.<\/em><\/p>\n<p>[\/et_pb_text][et_pb_divider color=\u00bb#0c71c3&#8243; show_divider=\u00bbon\u00bb divider_style=\u00bbsolid\u00bb divider_position=\u00bbtop\u00bb divider_weight=\u00bb1px\u00bb hide_on_mobile=\u00bbon\u00bb disabled=\u00bboff\u00bb][\/et_pb_divider][et_pb_accordion use_border_color=\u00bboff\u00bb border_color=\u00bb#ffffff\u00bb border_width=\u00bb1px\u00bb border_style=\u00bbsolid\u00bb disabled=\u00bboff\u00bb][et_pb_accordion_item title=\u00bbBoletines\u00bb open=\u00bbon\u00bb use_border_color=\u00bboff\u00bb border_color=\u00bb#ffffff\u00bb border_width=\u00bb1px\u00bb border_style=\u00bbsolid\u00bb disabled=\u00bboff\u00bb]<\/p>\n<p><a href=\"..\/wp-content\/uploads\/2017\/08\/Bolet&iacute;n-MECI-N&ordm;-1.pdf\" rel=\"attachment wp-att-1460\">Bolet&iacute;n MECI N&ordm; 1 &#8211; Agosto 15 de 2017<\/a><\/p>\n<p><a href=\"..\/wp-content\/uploads\/2017\/09\/Bolet&iacute;n-MECI-N&ordm;-2.pdf\" rel=\"attachment wp-att-1498\">Bolet&iacute;n MECI N&ordm; 2 &#8211; Septiembre 11 de 2017<\/a><\/p>\n<p><a href=\"..\/wp-content\/uploads\/2017\/09\/Bolet&iacute;n-MECI-3.pdf\" rel=\"attachment wp-att-1520\">Bolet&iacute;n MECI N&ordm; 3 &#8211; Septiembre 18 de 2017<\/a><\/p>\n<p><a href=\"..\/wp-content\/uploads\/2017\/10\/Bolet&iacute;n-MECI-4.pdf\" rel=\"attachment wp-att-1535\">Bolet&iacute;n MECI N&ordm; 4 &#8211; Septiembre 28 de 2017<\/a><\/p>\n<p><a href=\"..\/wp-content\/uploads\/2018\/01\/Bolet&iacute;n-MECI-5.pdf\" rel=\"attachment wp-att-1581\">Bolet&iacute;n MECI N&ordm; 5 &#8211; Octubre de 2017<\/a><\/p>\n<p><a href=\"..\/wp-content\/uploads\/2018\/01\/Bolet&iacute;n-MECI-6.pdf\" rel=\"attachment wp-att-1582\">Bolet&iacute;n MECI N&ordm; 6 &#8211; Noviembre y Diciembre de 2017<\/a><\/p>\n<p>[\/et_pb_accordion_item][et_pb_accordion_item title=\u00bbResoluciones\u00bb open=\u00bboff\u00bb use_border_color=\u00bboff\u00bb border_color=\u00bb#ffffff\u00bb border_width=\u00bb1px\u00bb border_style=\u00bbsolid\u00bb disabled=\u00bboff\u00bb]<\/p>\n<p><a href=\"..\/wp-content\/uploads\/2017\/08\/Res-N\u00ba-042-del-31-de-julio-de-2017.pdf\" rel=\"attachment wp-att-1462\">Res N\u00ba 042 del 31 de julio de 2017<\/a><\/p>\n<p>[\/et_pb_accordion_item][\/et_pb_accordion][et_pb_image show_in_lightbox=\u00bboff\u00bb url_new_window=\u00bboff\u00bb use_overlay=\u00bboff\u00bb sticky=\u00bboff\u00bb align=\u00bbleft\u00bb force_fullwidth=\u00bboff\u00bb always_center_on_mobile=\u00bbon\u00bb use_border_color=\u00bboff\u00bb border_color=\u00bb#ffffff\u00bb border_width=\u00bb1px\u00bb border_style=\u00bbsolid\u00bb disabled=\u00bboff\u00bb][\/et_pb_image][\/et_pb_column][et_pb_column type=\u00bb1_3&#8243; disabled=\u00bboff\u00bb parallax=\u00bboff\u00bb parallax_method=\u00bbon\u00bb][et_pb_image src=\u00bbhttp:\/\/aguasdelcesar.gov.co\/wp-content\/uploads\/2017\/02\/transparencia.png\u00bb show_in_lightbox=\u00bboff\u00bb url=\u00bbhttp:\/\/aguasdelcesar.gov.co\/transparencia-y-acceso-a-la-informacion-publica\/\u00bb url_new_window=\u00bbon\u00bb use_overlay=\u00bbon\u00bb overlay_icon_color=\u00bb#0c71c3&#8243; hover_icon=\u00bb%%136%%\u00bb sticky=\u00bboff\u00bb align=\u00bbleft\u00bb force_fullwidth=\u00bboff\u00bb always_center_on_mobile=\u00bbon\u00bb admin_label=\u00bbTransparencia\u00bb use_border_color=\u00bboff\u00bb border_color=\u00bb#ffffff\u00bb border_width=\u00bb1px\u00bb border_style=\u00bbsolid\u00bb disabled=\u00bboff\u00bb]<br \/>\n[\/et_pb_image][et_pb_code admin_label=\u00bbTwitter\u00bb disabled=\u00bboff\u00bb]&lt;a class=&quot;twitter-timeline&quot; data-width=&quot;600&quot; data-height=&quot;800&quot; data-dnt=&quot;true&quot; href=&quot;https:\/\/twitter.com\/PrensaAguasdelC&quot;&gt;Tweets by PrensaAguasdelC&lt;\/a&gt; &lt;script async src=&quot;\/\/platform.twitter.com\/widgets.js&quot; charset=&quot;utf-8&quot;&gt;&lt;\/script&gt;[\/et_pb_code][\/et_pb_column][\/et_pb_row][\/et_pb_section]<\/p>\n","protected":false},"excerpt":{"rendered":"<p>[et_pb_section transparent_background=\u00bboff\u00bb allow_player_pause=\u00bboff\u00bb inner_shadow=\u00bboff\u00bb parallax=\u00bboff\u00bb parallax_method=\u00bbon\u00bb make_fullwidth=\u00bboff\u00bb use_custom_width=\u00bboff\u00bb width_unit=\u00bboff\u00bb custom_width_px=\u00bb1080px\u00bb custom_width_percent=\u00bb80%\u00bb make_equal=\u00bboff\u00bb use_custom_gutter=\u00bboff\u00bb fullwidth=\u00bbon\u00bb specialty=\u00bboff\u00bb admin_label=\u00bbSecci\u00f3n\u00bb disabled=\u00bboff\u00bb][et_pb_fullwidth_header title=\u00bbMECI 1000:2014&#8243; background_layout=\u00bbdark\u00bb text_orientation=\u00bbleft\u00bb header_fullscreen=\u00bboff\u00bb header_scroll_down=\u00bboff\u00bb scroll_down_icon=\u00bb;\u00bb background_url=\u00bbhttp:\/\/aguasdelcesar.gov.co\/wp-content\/uploads\/2017\/02\/fondo-titulos-azul.png\u00bb background_color=\u00bb#0842a5&#8243; parallax=\u00bboff\u00bb parallax_method=\u00bbon\u00bb content_orientation=\u00bbcenter\u00bb image_orientation=\u00bbcenter\u00bb admin_label=\u00bbT\u00edtulo de anchura completa\u00bb title_font_size=\u00bb30px\u00bb content_font_size=\u00bb14px\u00bb custom_button_one=\u00bboff\u00bb button_one_text_size=\u00bb20&#8243; button_one_letter_spacing=\u00bb0&#8243; button_one_use_icon=\u00bbdefault\u00bb button_one_icon_placement=\u00bbright\u00bb button_one_on_hover=\u00bbon\u00bb button_one_letter_spacing_hover=\u00bb0&#8243; custom_button_two=\u00bboff\u00bb button_two_text_size=\u00bb20&#8243; button_two_letter_spacing=\u00bb0&#8243; button_two_use_icon=\u00bbdefault\u00bb button_two_icon_placement=\u00bbright\u00bb button_two_on_hover=\u00bbon\u00bb button_two_letter_spacing_hover=\u00bb0&#8243; disabled=\u00bboff\u00bb] [\/et_pb_fullwidth_header][\/et_pb_section][et_pb_section transparent_background=\u00bboff\u00bb allow_player_pause=\u00bboff\u00bb inner_shadow=\u00bboff\u00bb [&hellip;]<\/p>\n","protected":false},"author":1,"featured_media":0,"parent":0,"menu_order":0,"comment_status":"closed","ping_status":"closed","template":"","meta":{"_et_pb_use_builder":"on","_et_pb_old_content":"","_et_gb_content_width":""},"_links":{"self":[{"href":"https:\/\/aguasdelcesar.gov.co\/antiguo\/wp-json\/wp\/v2\/pages\/1194"}],"collection":[{"href":"https:\/\/aguasdelcesar.gov.co\/antiguo\/wp-json\/wp\/v2\/pages"}],"about":[{"href":"https:\/\/aguasdelcesar.gov.co\/antiguo\/wp-json\/wp\/v2\/types\/page"}],"author":[{"embeddable":true,"href":"https:\/\/aguasdelcesar.gov.co\/antiguo\/wp-json\/wp\/v2\/users\/1"}],"replies":[{"embeddable":true,"href":"https:\/\/aguasdelcesar.gov.co\/antiguo\/wp-json\/wp\/v2\/comments?post=1194"}],"version-history":[{"count":12,"href":"https:\/\/aguasdelcesar.gov.co\/antiguo\/wp-json\/wp\/v2\/pages\/1194\/revisions"}],"predecessor-version":[{"id":1583,"href":"https:\/\/aguasdelcesar.gov.co\/antiguo\/wp-json\/wp\/v2\/pages\/1194\/revisions\/1583"}],"wp:attachment":[{"href":"https:\/\/aguasdelcesar.gov.co\/antiguo\/wp-json\/wp\/v2\/media?parent=1194"}],"curies":[{"name":"wp","href":"https:\/\/api.w.org\/{rel}","templated":true}]}}