{"id":75,"date":"2017-02-06T01:14:03","date_gmt":"2017-02-06T01:14:03","guid":{"rendered":"http:\/\/aguasdelcesar.gov.co\/?page_id=75"},"modified":"2019-08-27T13:17:47","modified_gmt":"2019-08-27T13:17:47","slug":"dir-administrativa-y-financiera","status":"publish","type":"page","link":"https:\/\/aguasdelcesar.gov.co\/antiguo\/nuestra-empresa\/dependencias\/dir-administrativa-y-financiera\/","title":{"rendered":"Dir. Administrativa y Financiera"},"content":{"rendered":"<p>[et_pb_section transparent_background=\u00bboff\u00bb allow_player_pause=\u00bboff\u00bb inner_shadow=\u00bboff\u00bb parallax=\u00bboff\u00bb parallax_method=\u00bbon\u00bb make_fullwidth=\u00bboff\u00bb use_custom_width=\u00bboff\u00bb width_unit=\u00bboff\u00bb custom_width_px=\u00bb1080px\u00bb custom_width_percent=\u00bb80%\u00bb make_equal=\u00bboff\u00bb use_custom_gutter=\u00bboff\u00bb fullwidth=\u00bbon\u00bb specialty=\u00bboff\u00bb admin_label=\u00bbSecci\u00f3n\u00bb disabled=\u00bboff\u00bb][et_pb_fullwidth_header title=\u00bbDir. Administrativa y Financiera\u00bb background_layout=\u00bbdark\u00bb text_orientation=\u00bbleft\u00bb header_fullscreen=\u00bboff\u00bb header_scroll_down=\u00bboff\u00bb scroll_down_icon=\u00bb;\u00bb background_url=\u00bbhttp:\/\/aguasdelcesar.gov.co\/wp-content\/uploads\/2017\/02\/fondo-titulos-azul.png\u00bb background_color=\u00bb#0842a5&#8243; parallax=\u00bboff\u00bb parallax_method=\u00bbon\u00bb content_orientation=\u00bbcenter\u00bb image_orientation=\u00bbcenter\u00bb admin_label=\u00bbDir. Administrativa y Financiera\u00bb title_font_size=\u00bb30px\u00bb content_font_size=\u00bb14px\u00bb custom_button_one=\u00bboff\u00bb button_one_text_size=\u00bb20&#8243; button_one_letter_spacing=\u00bb0&#8243; button_one_use_icon=\u00bbdefault\u00bb button_one_icon_placement=\u00bbright\u00bb button_one_on_hover=\u00bbon\u00bb button_one_letter_spacing_hover=\u00bb0&#8243; custom_button_two=\u00bboff\u00bb button_two_text_size=\u00bb20&#8243; button_two_letter_spacing=\u00bb0&#8243; button_two_use_icon=\u00bbdefault\u00bb button_two_icon_placement=\u00bbright\u00bb button_two_on_hover=\u00bbon\u00bb button_two_letter_spacing_hover=\u00bb0&#8243; disabled=\u00bboff\u00bb] [\/et_pb_fullwidth_header][\/et_pb_section][et_pb_section transparent_background=\u00bboff\u00bb allow_player_pause=\u00bboff\u00bb inner_shadow=\u00bboff\u00bb parallax=\u00bboff\u00bb parallax_method=\u00bbon\u00bb custom_padding=\u00bb24px|0px|0px|0px\u00bb make_fullwidth=\u00bboff\u00bb use_custom_width=\u00bboff\u00bb width_unit=\u00bboff\u00bb custom_width_px=\u00bb1080px\u00bb custom_width_percent=\u00bb80%\u00bb make_equal=\u00bboff\u00bb use_custom_gutter=\u00bboff\u00bb fullwidth=\u00bboff\u00bb specialty=\u00bboff\u00bb admin_label=\u00bbSecci\u00f3n\u00bb disabled=\u00bboff\u00bb][et_pb_row make_fullwidth=\u00bboff\u00bb use_custom_width=\u00bboff\u00bb width_unit=\u00bboff\u00bb custom_width_px=\u00bb1080px\u00bb custom_width_percent=\u00bb80%\u00bb use_custom_gutter=\u00bboff\u00bb gutter_width=\u00bb3&#8243; custom_padding=\u00bb0px|0px|27px|0px\u00bb allow_player_pause=\u00bboff\u00bb parallax=\u00bboff\u00bb parallax_method=\u00bbon\u00bb make_equal=\u00bboff\u00bb parallax_1=\u00bboff\u00bb parallax_method_1=\u00bbon\u00bb parallax_2=\u00bboff\u00bb parallax_method_2=\u00bbon\u00bb parallax_3=\u00bboff\u00bb parallax_method_3=\u00bbon\u00bb parallax_4=\u00bboff\u00bb parallax_method_4=\u00bbon\u00bb admin_label=\u00bbFila\u00bb disabled=\u00bboff\u00bb][et_pb_column type=\u00bb2_3&#8243; disabled=\u00bboff\u00bb parallax=\u00bboff\u00bb parallax_method=\u00bbon\u00bb][et_pb_text background_layout=\u00bblight\u00bb text_orientation=\u00bbleft\u00bb admin_label=\u00bbTexto\u00bb use_border_color=\u00bboff\u00bb border_style=\u00bbsolid\u00bb disabled=\u00bboff\u00bb]<\/p>\n<p style=\"text-align: justify;\"><em>La Direcci\u00f3n Administrativa y Financiera tiene como fin direccionar y garantizar el desarrollo, crecimiento y buen desempe\u00f1o tanto administrativo como financiero de Aguas del Cesar S.A. E.S.P. Entre sus funciones espec\u00edficas se destacan las siguientes:<\/em><\/p>\n<p style=\"text-align: justify;\"><em>1) Planear, establecer e implementar, en coordinaci\u00f3n con el equipo Directivo de Aguas del Cesar S.A. E.S.P., las pol\u00edticas, directrices y estrategias necesarias en materia financiera para garantizar la viabilidad y sostenibilidad econ\u00f3mica y financiera de la Empresa y por ende de la prestaci\u00f3n del servicio de Acueducto, Alcantarillado y Aseo.<\/em><\/p>\n<p style=\"text-align: justify;\"><em>2) Identificar las fuentes de financiaci\u00f3n del plan de inversiones.<\/em><\/p>\n<p style=\"text-align: justify;\"><em>3) Realizar el seguimiento y control de los procesos que componen la gesti\u00f3n Financiera de los recursos econ\u00f3micos de la Organizaci\u00f3n.<\/em><\/p>\n<p style=\"text-align: justify;\"><em>4) Realizar las gestiones necesarias para asegurar el oportuno cumplimiento de los planes, proyectos y programas a su cargo.<\/em><\/p>\n<p style=\"text-align: justify;\"><em>5) Preparar y presentar los informes pertinentes a su labor, con la oportunidad, veracidad y periodicidad requeridos.<\/em><\/p>\n<p style=\"text-align: justify;\"><em>6) Planear y poner en marcha los mecanismos de financiaci\u00f3n del POA Cesar, con el fin de garantizar su viabilidad financiera.<\/em><\/p>\n<p style=\"text-align: justify;\"><em>7) Gestionar y\/o implementar directamente y\/o en conjunto con los participantes del POA, alternativas de financiaci\u00f3n de proyectos en el marco del POA.<\/em><\/p>\n<p style=\"text-align: justify;\"><em>8) Implementar los mecanismos institucionales que aseguren la implementaci\u00f3n oportuna, eficiente y sostenible del POA Cesar.<\/em><\/p>\n<p style=\"text-align: justify;\"><em>9) Dar las instrucciones necesarias a Fiducolombia o a quien haga sus veces, de manejo de los recursos del POA Cesar, en cumplimiento de lo establecido por el Comit\u00e9 Directivo, seg\u00fan lo previsto en el contrato de fiducia respectivo.<\/em><\/p>\n<p style=\"text-align: justify;\"><em>10) Implementar instrumentos financieros para el apalancamiento de recursos destinados al desarrollo del PDA, Cesar siempre que la empresa se lo permita.<\/em><\/p>\n<p>[\/et_pb_text][et_pb_accordion][et_pb_accordion_item title=\u00bb2019&#8243;]<\/p>\n<p><a href=\"..\/..\/..\/wp-content\/uploads\/2019\/08\/ACTA-DE-APROBACION-PPTO-2019.pdf\" target=\"_blank\" rel=\"noopener noreferrer\">&#8211;\u00a0Acta de Aprobaci\u00f3n Presupuesto 2019.<\/a><\/p>\n<p>[\/et_pb_accordion_item][et_pb_accordion_item title=\u00bb2018&#8243;]<\/p>\n<p><a href=\"..\/..\/..\/wp-content\/uploads\/2019\/08\/EJECUCION-DE-INGRESOS-2018.pdf\" target=\"_blank\" rel=\"noopener noreferrer\">&#8211; Ejecuci\u00f3n de Ingresos.<\/a><\/p>\n<p><a href=\"..\/..\/..\/wp-content\/uploads\/2019\/08\/EJECUCION-DE-GASTOS-2018.pdf\" target=\"_blank\" rel=\"noopener noreferrer\">&#8211; Ejecuci\u00f3n de Gastos.<\/a><\/p>\n<p><a href=\"http:\/\/aguasdelcesar.gov.co\/wp-content\/uploads\/2019\/08\/ESTADOS-FINANCIEROS-2018.pdf\" target=\"_blank\" rel=\"noopener noreferrer\">&#8211; Estados Financieros.<\/a><\/p>\n<p>[\/et_pb_accordion_item][et_pb_accordion_item title=\u00bb2017&#8243;]<\/p>\n<p><a href=\"..\/..\/..\/wp-content\/uploads\/2019\/08\/EJECUCION-DE-INGRESOS-2017.pdf\" target=\"_blank\" rel=\"noopener noreferrer\">&#8211; Ejecuci\u00f3n de Ingresos.<\/a><\/p>\n<p><a href=\"..\/..\/..\/wp-content\/uploads\/2019\/08\/EJECUCION-DE-GASTOS-2018.pdf\" target=\"_blank\" rel=\"noopener noreferrer\">&#8211; Ejecuci\u00f3n de Gastos.<\/a><\/p>\n<p><a href=\"http:\/\/aguasdelcesar.gov.co\/wp-content\/uploads\/2019\/08\/ESTADOS-FINANCIEROS-2017.pdf\" target=\"_blank\" rel=\"noopener noreferrer\">&#8211; Estados Financieros.<\/a><\/p>\n<p>[\/et_pb_accordion_item][\/et_pb_accordion][\/et_pb_column][et_pb_column type=\u00bb1_3&#8243; disabled=\u00bboff\u00bb parallax=\u00bboff\u00bb parallax_method=\u00bbon\u00bb][et_pb_image src=\u00bbhttp:\/\/aguasdelcesar.gov.co\/wp-content\/uploads\/2017\/02\/transparencia.png\u00bb show_in_lightbox=\u00bboff\u00bb url=\u00bbhttp:\/\/aguasdelcesar.gov.co\/transparencia-y-acceso-a-la-informacion-publica\/\u00bb url_new_window=\u00bbon\u00bb use_overlay=\u00bbon\u00bb overlay_icon_color=\u00bb#0c71c3&#8243; hover_icon=\u00bb%%136%%\u00bb sticky=\u00bboff\u00bb align=\u00bbleft\u00bb force_fullwidth=\u00bboff\u00bb always_center_on_mobile=\u00bbon\u00bb admin_label=\u00bbTransparencia\u00bb use_border_color=\u00bboff\u00bb border_color=\u00bb#ffffff\u00bb border_width=\u00bb1px\u00bb border_style=\u00bbsolid\u00bb disabled=\u00bboff\u00bb]<br \/>\n[\/et_pb_image][et_pb_code admin_label=\u00bbTwitter\u00bb disabled=\u00bboff\u00bb]&lt;a class=\u00bbtwitter-timeline\u00bb data-width=\u00bb600&#8243; data-height=\u00bb800&#8243; data-dnt=\u00bbtrue\u00bb href=\u00bbhttps:\/\/twitter.com\/PrensaAguasdelC\u00bb&gt;Tweets by PrensaAguasdelC&lt;\/a&gt; &lt;script async src=\u00bb\/\/platform.twitter.com\/widgets.js\u00bb charset=\u00bbutf-8&#8243;&gt;&lt;\/script&gt;[\/et_pb_code][\/et_pb_column][\/et_pb_row][\/et_pb_section]<\/p>\n","protected":false},"excerpt":{"rendered":"<p>[et_pb_section transparent_background=\u00bboff\u00bb allow_player_pause=\u00bboff\u00bb inner_shadow=\u00bboff\u00bb parallax=\u00bboff\u00bb parallax_method=\u00bbon\u00bb make_fullwidth=\u00bboff\u00bb use_custom_width=\u00bboff\u00bb width_unit=\u00bboff\u00bb custom_width_px=\u00bb1080px\u00bb custom_width_percent=\u00bb80%\u00bb make_equal=\u00bboff\u00bb use_custom_gutter=\u00bboff\u00bb fullwidth=\u00bbon\u00bb specialty=\u00bboff\u00bb admin_label=\u00bbSecci\u00f3n\u00bb disabled=\u00bboff\u00bb][et_pb_fullwidth_header title=\u00bbDir. Administrativa y Financiera\u00bb background_layout=\u00bbdark\u00bb text_orientation=\u00bbleft\u00bb header_fullscreen=\u00bboff\u00bb header_scroll_down=\u00bboff\u00bb scroll_down_icon=\u00bb;\u00bb background_url=\u00bbhttp:\/\/aguasdelcesar.gov.co\/wp-content\/uploads\/2017\/02\/fondo-titulos-azul.png\u00bb background_color=\u00bb#0842a5&#8243; parallax=\u00bboff\u00bb parallax_method=\u00bbon\u00bb content_orientation=\u00bbcenter\u00bb image_orientation=\u00bbcenter\u00bb admin_label=\u00bbDir. Administrativa y Financiera\u00bb title_font_size=\u00bb30px\u00bb content_font_size=\u00bb14px\u00bb custom_button_one=\u00bboff\u00bb button_one_text_size=\u00bb20&#8243; button_one_letter_spacing=\u00bb0&#8243; button_one_use_icon=\u00bbdefault\u00bb button_one_icon_placement=\u00bbright\u00bb button_one_on_hover=\u00bbon\u00bb button_one_letter_spacing_hover=\u00bb0&#8243; custom_button_two=\u00bboff\u00bb button_two_text_size=\u00bb20&#8243; button_two_letter_spacing=\u00bb0&#8243; button_two_use_icon=\u00bbdefault\u00bb button_two_icon_placement=\u00bbright\u00bb button_two_on_hover=\u00bbon\u00bb button_two_letter_spacing_hover=\u00bb0&#8243; disabled=\u00bboff\u00bb] [\/et_pb_fullwidth_header][\/et_pb_section][et_pb_section transparent_background=\u00bboff\u00bb [&hellip;]<\/p>\n","protected":false},"author":1,"featured_media":0,"parent":67,"menu_order":0,"comment_status":"closed","ping_status":"closed","template":"","meta":{"_et_pb_use_builder":"on","_et_pb_old_content":"","_et_gb_content_width":""},"_links":{"self":[{"href":"https:\/\/aguasdelcesar.gov.co\/antiguo\/wp-json\/wp\/v2\/pages\/75"}],"collection":[{"href":"https:\/\/aguasdelcesar.gov.co\/antiguo\/wp-json\/wp\/v2\/pages"}],"about":[{"href":"https:\/\/aguasdelcesar.gov.co\/antiguo\/wp-json\/wp\/v2\/types\/page"}],"author":[{"embeddable":true,"href":"https:\/\/aguasdelcesar.gov.co\/antiguo\/wp-json\/wp\/v2\/users\/1"}],"replies":[{"embeddable":true,"href":"https:\/\/aguasdelcesar.gov.co\/antiguo\/wp-json\/wp\/v2\/comments?post=75"}],"version-history":[{"count":13,"href":"https:\/\/aguasdelcesar.gov.co\/antiguo\/wp-json\/wp\/v2\/pages\/75\/revisions"}],"predecessor-version":[{"id":2105,"href":"https:\/\/aguasdelcesar.gov.co\/antiguo\/wp-json\/wp\/v2\/pages\/75\/revisions\/2105"}],"up":[{"embeddable":true,"href":"https:\/\/aguasdelcesar.gov.co\/antiguo\/wp-json\/wp\/v2\/pages\/67"}],"wp:attachment":[{"href":"https:\/\/aguasdelcesar.gov.co\/antiguo\/wp-json\/wp\/v2\/media?parent=75"}],"curies":[{"name":"wp","href":"https:\/\/api.w.org\/{rel}","templated":true}]}}