{"id":81,"date":"2017-02-06T01:14:43","date_gmt":"2017-02-06T01:14:43","guid":{"rendered":"http:\/\/aguasdelcesar.gov.co\/?page_id=81"},"modified":"2022-08-02T14:44:28","modified_gmt":"2022-08-02T14:44:28","slug":"control-interno","status":"publish","type":"page","link":"https:\/\/aguasdelcesar.gov.co\/antiguo\/nuestra-empresa\/dependencias\/control-interno\/","title":{"rendered":"Control Interno"},"content":{"rendered":"<p>[et_pb_section fb_built=\u00bb1&#8243; fullwidth=\u00bbon\u00bb admin_label=\u00bbSecci\u00f3n\u00bb _builder_version=\u00bb3.22&#8243; custom_padding=\u00bb0px|0px|0px|0px\u00bb transparent_background=\u00bboff\u00bb make_fullwidth=\u00bboff\u00bb use_custom_width=\u00bboff\u00bb width_unit=\u00bboff\u00bb custom_width_px=\u00bb1080px\u00bb custom_width_percent=\u00bb80%\u00bb][et_pb_fullwidth_header title=\u00bbControl Interno\u00bb content_max_width=\u00bbnone\u00bb admin_label=\u00bbControl Interno\u00bb _builder_version=\u00bb3.16&#8243; background_color=\u00bb#0842a5&#8243; background_image=\u00bbhttp:\/\/aguasdelcesar.gov.co\/wp-content\/uploads\/2017\/02\/fondo-titulos-azul.png\u00bb background_url=\u00bbhttp:\/\/aguasdelcesar.gov.co\/wp-content\/uploads\/2017\/02\/fondo-titulos-azul.png\u00bb button_one_letter_spacing_hover=\u00bb0&#8243; button_two_letter_spacing_hover=\u00bb0&#8243; button_one_text_size__hover_enabled=\u00bboff\u00bb button_two_text_size__hover_enabled=\u00bboff\u00bb button_one_text_color__hover_enabled=\u00bboff\u00bb button_two_text_color__hover_enabled=\u00bboff\u00bb button_one_border_width__hover_enabled=\u00bboff\u00bb button_two_border_width__hover_enabled=\u00bboff\u00bb button_one_border_color__hover_enabled=\u00bboff\u00bb button_two_border_color__hover_enabled=\u00bboff\u00bb button_one_border_radius__hover_enabled=\u00bboff\u00bb button_two_border_radius__hover_enabled=\u00bboff\u00bb button_one_letter_spacing__hover_enabled=\u00bbon\u00bb button_one_letter_spacing__hover=\u00bb0&#8243; button_two_letter_spacing__hover_enabled=\u00bbon\u00bb button_two_letter_spacing__hover=\u00bb0&#8243; button_one_bg_color__hover_enabled=\u00bboff\u00bb button_two_bg_color__hover_enabled=\u00bboff\u00bb] [\/et_pb_fullwidth_header][\/et_pb_section][et_pb_section fb_built=\u00bb1&#8243; admin_label=\u00bbSecci\u00f3n\u00bb _builder_version=\u00bb3.22&#8243; custom_padding=\u00bb0px|0px|0px|0px\u00bb transparent_background=\u00bboff\u00bb make_fullwidth=\u00bboff\u00bb use_custom_width=\u00bboff\u00bb width_unit=\u00bboff\u00bb custom_width_px=\u00bb1080px\u00bb custom_width_percent=\u00bb80%\u00bb][et_pb_row column_structure=\u00bb2_3,1_3&#8243; admin_label=\u00bbFila\u00bb _builder_version=\u00bb3.25&#8243; background_size=\u00bbinitial\u00bb background_position=\u00bbtop_left\u00bb background_repeat=\u00bbrepeat\u00bb make_fullwidth=\u00bboff\u00bb use_custom_width=\u00bboff\u00bb width_unit=\u00bboff\u00bb custom_width_px=\u00bb1080px\u00bb custom_width_percent=\u00bb80%\u00bb][et_pb_column type=\u00bb2_3&#8243; _builder_version=\u00bb3.25&#8243; custom_padding=\u00bb|||\u00bb custom_padding__hover=\u00bb|||\u00bb][et_pb_text admin_label=\u00bbTexto\u00bb _builder_version=\u00bb3.27.4&#8243; background_size=\u00bbinitial\u00bb background_position=\u00bbtop_left\u00bb background_repeat=\u00bbrepeat\u00bb use_border_color=\u00bboff\u00bb border_style=\u00bbsolid\u00bb]<\/p>\n<p style=\"text-align: justify;\"><em>Desde la oficina de Control Interno se mide y evalua la eficiencia, eficacia y econom\u00eda de los dem\u00e1s controles definidos para los procesos y actividades de la empresa, asesorando a la Gerencia en la continuidad del proceso administrativo, la reevaluaci\u00f3n de los planes establecidos y en la introducci\u00f3n de los correctivos necesarios para el cumplimiento de las metas u objetivos previstos.<\/em><\/p>\n<p style=\"text-align: justify;\"><em>Entre sus funciones espec\u00edficas se encuentran las planteadas a continuaci\u00f3n:<\/em><\/p>\n<p style=\"text-align: justify;\"><em>1) Planear, dirigir y organizar la verificaci\u00f3n y evaluaci\u00f3n del Sistema de Control\u00a0Interno.<\/em><\/p>\n<p style=\"text-align: justify;\"><em>2) Verificar que el Sistema de Control Interno est\u00e9 formalmente establecido dentro de la organizaci\u00f3n y que su ejercicio sea intr\u00ednseco al desarrollo de las funciones de todos los cargos y, en particular, de aquellos que tengan responsabilidad de mando.<\/em><\/p>\n<p style=\"text-align: justify;\"><em>3) Verificar que los controles definidos para los procesos y actividades de la organizaci\u00f3n, se cumplan por los responsables de su ejecuci\u00f3n y en especial, que las \u00e1reas o empleados encargados de laaplicaci\u00f3n del r\u00e9gimen disciplinario ejerzan adecuadamente esta funci\u00f3n.<\/em><\/p>\n<p style=\"text-align: justify;\"><em>4) Verificar que los controles asociados con todas y cada una de las actividades de la organizaci\u00f3n,est\u00e9n adecuadamente definidos, sean apropiados y se mejoren permanentemente, de acuerdo con la evoluci\u00f3n de la entidad.<\/em><\/p>\n<p style=\"text-align: justify;\"><em>5) Velar por el cumplimiento de las leyes, normas, pol\u00edticas, procedimientos, planes, programas,proyectos y metas de la organizaci\u00f3n y recomendar los ajustes necesarios.<\/em><\/p>\n<p style=\"text-align: justify;\"><em>6) Servir de apoyo a los directivos en el proceso de toma de decisiones, a fin que se obtengan losresultados esperados.<\/em><\/p>\n<p style=\"text-align: justify;\"><em>7) Verificar los procesos relacionados con el manejo de los recursos, bienes y los sistemas de informaci\u00f3n de la entidad y recomendar los correctivos que sean necesarios.<\/em><\/p>\n<p style=\"text-align: justify;\"><em>8) Fomentar en toda la organizaci\u00f3n la formaci\u00f3n de una cultura de control que contribuya al mejoramiento continuo en el cumplimiento de la misi\u00f3n institucional.<\/em><\/p>\n<p style=\"text-align: justify;\"><em>9) Evaluar y verificar la aplicaci\u00f3n de los mecanismos de participaci\u00f3n ciudadana, que en desarrollo del mandato constitucional y legal, dise\u00f1e la entidad correspondiente.<\/em><\/p>\n<p style=\"text-align: justify;\"><em>10) Mantener permanentemente informados a los directivos acerca del estado del control interno dentro de la entidad, dando cuenta de las debilidades detectadas y de las fallas en su cumplimiento.<\/em><\/p>\n<p style=\"text-align: justify;\"><em>11) Verificar que se implanten las medidas respectivas recomendadas.<\/em><\/p>\n<p style=\"text-align: justify;\"><em>12) Sugerir opciones de mejoramiento que le permitan a la empresa ubicarse dentro de los procesos de globalizaci\u00f3n actuales para enfrentar un contexto adecuado en la administraci\u00f3n del riesgo.<\/em><\/p>\n<p style=\"text-align: justify;\"><em>13) Apoyar a la empresa en el diagn\u00f3stico de nivel y grado de madurez de los procesos de administraci\u00f3n de los riesgos, ayudando a identificar las fortalezas y debilidades de las pr\u00e1cticas existentes para poder desarrollar planes de mejoramiento.<\/em><\/p>\n<p style=\"text-align: justify;\"><em>14) Las dem\u00e1s que le asigne el jefe del organismo o entidad, de acuerdo con el car\u00e1cter de sus funciones.<\/em><\/p>\n<p>[\/et_pb_text][et_pb_accordion _builder_version=\u00bb4.6.5&#8243; hover_enabled=\u00bb0&#8243; use_border_color=\u00bboff\u00bb border_color=\u00bb#ffffff\u00bb border_width=\u00bb1px\u00bb border_style=\u00bbsolid\u00bb sticky_enabled=\u00bb0&#8243;][et_pb_accordion_item title=\u00bb2022&#8243; open=\u00bbon\u00bb _builder_version=\u00bb4.6.5&#8243; hover_enabled=\u00bb0&#8243; use_border_color=\u00bboff\u00bb border_color=\u00bb#ffffff\u00bb border_width=\u00bb1px\u00bb border_style=\u00bbsolid\u00bb sticky_enabled=\u00bb0&#8243;]<\/p>\n<ul>\n<li><a href=\"http:\/\/aguasdelcesar.gov.co\/wp-content\/uploads\/2022\/08\/Informe-Evaluacion-Independiente-del-Sistema-de-Control-Interno-Enero-a-Junio-2022.pdf\" target=\"_blank\" rel=\"noopener noreferrer\"><span>Informe Evaluaci\u00f3n Independiente del Sistema de Control Interno Enero a Junio 2022<\/span><\/a><\/li>\n<li><a href=\"http:\/\/aguasdelcesar.gov.co\/wp-content\/uploads\/2022\/07\/INFORME-PQRSD-I-SEMESTRE-2022.pdf\" target=\"_blank\" rel=\"noopener noreferrer\"><span>Informe Semestral PQRSD- 31 Junio 2022<\/span><\/a><\/li>\n<li><a href=\"http:\/\/aguasdelcesar.gov.co\/wp-content\/uploads\/2022\/07\/SEGUNDO-INFORME-DE-SEGUIMIENTO-GESPROY-1.pdf\" target=\"_blank\" rel=\"noopener noreferrer\">SEGUNDO INFORME DE SEGUIMIENTO GESPROY<\/a><\/li>\n<li><a href=\"http:\/\/aguasdelcesar.gov.co\/wp-content\/uploads\/2022\/07\/PRIMER-INFORME-DE-SEGUIMIENTO-PLATAFORMA-GESPROY-AGUAS-DEL-CESAR-1.pdf\" target=\"_blank\" rel=\"noopener noreferrer\">PRIMER INFORME DE SEGUIMIENTO PLATAFORMA GESPROY<\/a><\/li>\n<li><a href=\"http:\/\/aguasdelcesar.gov.co\/wp-content\/uploads\/2022\/05\/INFORME-DE-SEGUIMIENTO-AL-PLAN-ANTICORRUPCION-Y-DE-ATENCION-AL-CIUDADANO.pdf\">INFORME DE SEGUIMIENTO AL PLAN ANTICORRUPCI\u00d3N Y DE ATENCI\u00d3N AL CIUDADANO<\/a><\/li>\n<li><a href=\"http:\/\/aguasdelcesar.gov.co\/wp-content\/uploads\/2022\/05\/PRIMER-SEGUIMIENTO-MATRIZ-DE-RIESGOS-2022.pdf\" target=\"_blank\" rel=\"noopener noreferrer\">PRIMER SEGUIMIENTO MATRIZ DE RIESGOS 2022<\/a><\/li>\n<li><a href=\"http:\/\/aguasdelcesar.gov.co\/wp-content\/uploads\/2022\/01\/Informe-Semestral-Sistema-Control-Interno-Julio-Diciembre-2021.pdf\" target=\"_blank\" rel=\"noopener noreferrer\">Informe Semestral Sistema Control Interno Julio &#8211; Diciembre 2021<\/a><\/li>\n<li><a href=\"http:\/\/aguasdelcesar.gov.co\/wp-content\/uploads\/2022\/02\/INFORME-PQRSD-II-SEMESTRE-2021.pdf\" target=\"_blank\" rel=\"noopener noreferrer\">Informe PQRSD &#8211; II Semestre 2021<\/a><\/li>\n<\/ul>\n<p>[\/et_pb_accordion_item][et_pb_accordion_item title=\u00bb2020&#8243; _builder_version=\u00bb3.0.47&#8243; use_border_color=\u00bboff\u00bb border_color=\u00bb#ffffff\u00bb border_width=\u00bb1px\u00bb border_style=\u00bbsolid\u00bb open=\u00bboff\u00bb]<\/p>\n<ul>\n<li><a href=\"..\/..\/..\/wp-content\/uploads\/2020\/03\/Informe-Pormenoriza-novi-a-diciembre-2020.pdf\">Informe Pormenorizado de NOVIEMBRE a&nbsp;DICIEMBRE de 2020.<\/a><\/li>\n<li><a href=\"..\/..\/..\/wp-content\/uploads\/2020\/03\/Informe-Pormenoriza-de-Julio-a-octubre-2019.pdf\">Informe Pormenorizado de&nbsp;JULIO a OCTUBRE de 2019.<\/a><\/li>\n<li><a href=\"..\/..\/..\/wp-content\/uploads\/2020\/07\/Evaluacion-Independiente-Sistema-de-Control-Interno-Periodo-3-Enero-al-30-de-junio-de-2020.pdf\">Evaluacion Independiente Sistema de Control Interno &#8211; Periodo 3 Enero al 30 de junio de 2020.<\/a><\/li>\n<\/ul>\n<p>[\/et_pb_accordion_item][et_pb_accordion_item title=\u00bbInformes de Gesti\u00f3n\u00bb _builder_version=\u00bb3.0.47&#8243; use_border_color=\u00bboff\u00bb border_color=\u00bb#ffffff\u00bb border_width=\u00bb1px\u00bb border_style=\u00bbsolid\u00bb open=\u00bboff\u00bb]<\/p>\n<ul>\n<li><a href=\"..\/..\/..\/wp-content\/uploads\/2019\/08\/Informe-a-la-Asamblea-General.pdf\" rel=\"attachment wp-att-2160\">Informe a la Asamblea General<\/a><\/li>\n<li><a href=\"..\/..\/..\/wp-content\/uploads\/2019\/08\/Informe-de-gesti\u00f3n-2018.pdf\" rel=\"attachment wp-att-2159\">Informe de gesti\u00f3n 2018<\/a><\/li>\n<li><a href=\"..\/..\/..\/wp-content\/uploads\/2019\/08\/Rendici\u00f3n-de-cuentas.pdf\" rel=\"attachment wp-att-2158\">Rendici\u00f3n de cuentas 2018<\/a><\/li>\n<\/ul>\n<p>[\/et_pb_accordion_item][et_pb_accordion_item title=\u00bb2019&#8243; _builder_version=\u00bb3.0.47&#8243; use_border_color=\u00bboff\u00bb border_color=\u00bb#ffffff\u00bb border_width=\u00bb1px\u00bb border_style=\u00bbsolid\u00bb open=\u00bboff\u00bb]<\/p>\n<ul>\n<li><a href=\"..\/..\/..\/wp-content\/uploads\/2019\/03\/Informe-Pormenorizado-de-NOVIEMBRE-a-FEBRERO-2019-ADC.pdf\" rel=\"attachment wp-att-1825 noopener noreferrer\" target=\"_blank\">Informe Pormenorizado de NOVIEMBRE a FEBRERO 2019<\/a><\/li>\n<li><a href=\"..\/..\/..\/wp-content\/uploads\/2019\/08\/Informe-Pormenorizado-de-MARZO-a-JUNIO-2019-ADC.pdf\" rel=\"attachment wp-att-2191\">Informe Pormenorizado de MARZO a JUNIO 2019 <\/a><\/li>\n<\/ul>\n<p>[\/et_pb_accordion_item][et_pb_accordion_item title=\u00bb2018&#8243; _builder_version=\u00bb3.0.47&#8243; use_border_color=\u00bboff\u00bb border_color=\u00bb#ffffff\u00bb border_width=\u00bb1px\u00bb border_style=\u00bbsolid\u00bb open=\u00bboff\u00bb]<\/p>\n<ul>\n<li><a href=\"..\/..\/..\/wp-content\/uploads\/2018\/11\/Informe-Pormenorizado-de-JULIO-a-OCTUBRE-2018-ADC.pdf\" rel=\"attachment wp-att-1825\">Informe Pormenorizado de JULIO a OCTUBRE 2018<\/a><a href=\"..\/..\/..\/wp-content\/uploads\/2018\/07\/INFORME-PORMENORIZADO-AGUAS-DEL-CESAR-S.A-.E.S.P.-MIPG-MARZO-A-JUNIO-DE-2018.pdf\" rel=\"attachment wp-att-1757\"><\/a><\/li>\n<li><a href=\"..\/..\/..\/wp-content\/uploads\/2018\/07\/INFORME-PORMENORIZADO-AGUAS-DEL-CESAR-S.A-.E.S.P.-MIPG-MARZO-A-JUNIO-DE-2018.pdf\" rel=\"attachment wp-att-1757\">Informe Pormenorizado AGUAS DEL CESAR S.A .E.S.P. MIPG &#8211; MARZO a JUNIO de 2018<\/a><\/li>\n<\/ul>\n<p>[\/et_pb_accordion_item][et_pb_accordion_item title=\u00bb2017&#8243; _builder_version=\u00bb3.0.47&#8243; use_border_color=\u00bboff\u00bb border_color=\u00bb#ffffff\u00bb border_width=\u00bb1px\u00bb border_style=\u00bbsolid\u00bb open=\u00bboff\u00bb]<\/p>\n<ul>\n<li><a href=\"..\/..\/..\/wp-content\/uploads\/2017\/04\/INFORME-PORMENORIZADO-DE-CONTROL-INTERNO-NOV-FEB-DE-2017.pdf\">INFORME PORMENORIZADO DE CONTROL INTERNO NOV &#8211; FEB DE 2017<\/a><\/li>\n<li><a href=\"..\/..\/..\/wp-content\/uploads\/2017\/09\/INFORME-DE-SEGUIMIENTO-DEL-I-CUATRIMESTRE-DEL-2017-PLAN-ANTICORRUPCION.pdf\" rel=\"attachment wp-att-1478\">INFORME DE SEGUIMIENTO DEL I CUATRIMESTRE DEL 2017 PLAN ANTICORRUPCI\u00d3N<\/a><\/li>\n<li><a href=\"..\/..\/..\/wp-content\/uploads\/2017\/09\/INFORME-DE-SEGUIMIENTO-DEL-II-CUATRIMESTRE-DEL-2017-PLAN-ANTICORRUPCION.pdf\" rel=\"attachment wp-att-1479\">INFORME DE SEGUIMIENTO DEL II CUATRIMESTRE DEL 2017 PLAN ANTICORRUPCI\u00d3N<\/a><\/li>\n<li><a href=\"..\/..\/..\/wp-content\/uploads\/2017\/09\/INFORME-PORMENORIZADO-DE-CONTROL-INTERNO-MAR-JUNIO-DE-2017.pdf\" rel=\"attachment wp-att-1474\">INFORME PORMENORIZADO DE CONTROL INTERNO MARZO &#8211; JUNIO DE 2017<\/a><\/li>\n<li><a href=\"..\/..\/..\/wp-content\/uploads\/2017\/09\/INFORME-PQRS-I-SEMESTRE-2017.pdf\" rel=\"attachment wp-att-1475\">INFORME PQRS I SEMESTRE 2017<\/a><\/li>\n<li><a href=\"..\/..\/..\/wp-content\/uploads\/2017\/09\/MAPA-DE-RIESGO-I-CUATRIMESTRES-2017.pdf\" rel=\"attachment wp-att-1476\">MAPA DE RIESGO I CUATRIMESTRE 2017<\/a><\/li>\n<li><a href=\"..\/..\/..\/wp-content\/uploads\/2017\/09\/MAPA-DE-RIESGO-II-CUATRIMESTRES-2017.pdf\" rel=\"attachment wp-att-1477\">MAPA DE RIESGO II CUATRIMESTRE 2017<\/a><\/li>\n<\/ul>\n<p>[\/et_pb_accordion_item][et_pb_accordion_item title=\u00bb2016&#8243; _builder_version=\u00bb3.0.47&#8243; use_border_color=\u00bboff\u00bb border_color=\u00bb#ffffff\u00bb border_width=\u00bb1px\u00bb border_style=\u00bbsolid\u00bb open=\u00bboff\u00bb]<\/p>\n<ul>\n<li><a href=\"..\/..\/..\/wp-content\/uploads\/2017\/04\/INFORME-PORMENORIZADO-DE-CONTROL-INTERNO-JULIO-OCTUBRE-DE-2016.pdf\">INFORME PORMENORIZADO DE CONTROL INTERNO JULIO &#8211; OCTUBRE DE 2016<\/a><\/li>\n<li><a href=\"..\/..\/..\/wp-content\/uploads\/2017\/04\/INFORME-PORMENORIZADO-DE-CONTROL-INTERNO-MAR-JUNIO-DE-2016.pdf\">INFORME PORMENORIZADO DE CONTROL INTERNO MAR &#8211; JUNIO DE 2016<\/a><\/li>\n<li><a href=\"..\/..\/..\/wp-content\/uploads\/2017\/04\/INFORME-PORMENORIZADO-DE-CONTROL-INTERNO-NOV-FEB-DE-2016.pdf\">INFORME PORMENORIZADO DE CONTROL INTERNO NOV &#8211; FEB DE 2016<\/a><\/li>\n<li><a href=\"http:\/\/aguasdelcesar.pe.hu\/wp-content\/uploads\/2015\/06\/INFORME-PORMENORIZADO-DEL-ESTADO-DEL-CONTROL-INTERNO.pdf\">INFORME PORMENORIZADO DEL ESTADO DEL CONTROL INTERNO<\/a><\/li>\n<li><a href=\"..\/..\/..\/wp-content\/uploads\/2016\/11\/INFORME-PQR-2016.pdf\">INFORME PQR 2016<\/a><\/li>\n<li><a href=\"..\/..\/..\/wp-content\/uploads\/2015\/06\/INFORME-DE-SEGUIMIENTO-DEL-I-CUATRIMESTRE-DEL-2016-A-LAS-ESTRATEGIAS-PLAN-ANTICORRUPCION-Y-DE-ATENCION-AL-CIUDADANO.pdf\">INFORME DE SEGUIMIENTO DEL I CUATRIMESTRE DEL 2016 A LAS ESTRATEGIAS PLAN ANTICORRUPCION Y DE ATENCION AL CIUDADANO<\/a><\/li>\n<li><a href=\"..\/..\/..\/wp-content\/uploads\/2015\/06\/SEGUIMIENTO-DEL-MAPA-DE-RIESGOS-DEL-I-CUATRIMESTRE-DEL-2016-DE-ADCr.pdf\">SEGUIMIENTO DEL MAPA DE RIESGOS DEL I CUATRIMESTRE DEL 2016 DE ADC<\/a><\/li>\n<li><a href=\"..\/..\/..\/wp-content\/uploads\/2016\/11\/SEGUIMIENTO-DEL-MAPA-DE-RIESGOS-DEL-II-CUATRIMESTRE-DEL-2016-DE-ADCr.pdf\">SEGUIMIENTO DEL MAPA DE RIESGOS DEL II CUATRIMESTRE DEL 2016 DE ADC<\/a><\/li>\n<\/ul>\n<p>[\/et_pb_accordion_item][et_pb_accordion_item title=\u00bbA\u00f1os anteriores\u00bb _builder_version=\u00bb3.0.47&#8243; use_border_color=\u00bboff\u00bb border_color=\u00bb#ffffff\u00bb border_width=\u00bb1px\u00bb border_style=\u00bbsolid\u00bb open=\u00bboff\u00bb]<\/p>\n<ul>\n<li><a href=\"http:\/\/aguasdelcesar.pe.hu\/wp-content\/uploads\/2015\/06\/INFORME-PQR-2014.pdf\">INFORME PQR 2014<\/a><\/li>\n<li><a href=\"http:\/\/aguasdelcesar.pe.hu\/wp-content\/uploads\/2015\/06\/INFORME_CUATRIMESTRAL_DE_CONTROL_INTERNO_-01_DE_NOVIEMBRE_AL_28_DE_FEBRERO_DE_2014.pdf\">INFORME_CUATRIMES6TRAL_DE_CONTROL_INTERNO_ 01_DE_NOVIEMBRE_AL_28_DE_FEBRERO_DE_2014<\/a><\/li>\n<li><a href=\"..\/..\/..\/wp-content\/uploads\/2015\/06\/INFORM-CUATRIMESTRAL-DE-CONTROL-INTERNO-Marzo-Junio-DE-2015.pdf\">INFORME CUATRIMESTRAL DE CONTROL INTERNO MARZO A JUNIO DE 2015<\/a><\/li>\n<li><a href=\"..\/..\/..\/wp-content\/uploads\/2015\/06\/INFORM-CUATRIMESTRAL-DE-CONTROL-INTERNO-noviembre-a-febrero-DE-2015.pdf\">INFORME\u00a0CUATRIMESTRAL DE CONTROL INTERNO NOVIEMBRE A FEBRERO DE 2015<\/a><\/li>\n<\/ul>\n<p>[\/et_pb_accordion_item][\/et_pb_accordion][\/et_pb_column][et_pb_column type=\u00bb1_3&#8243; _builder_version=\u00bb3.25&#8243; custom_padding=\u00bb|||\u00bb custom_padding__hover=\u00bb|||\u00bb][et_pb_image src=\u00bbhttp:\/\/aguasdelcesar.gov.co\/wp-content\/uploads\/2017\/02\/transparencia.png\u00bb url=\u00bbhttp:\/\/aguasdelcesar.gov.co\/transparencia-y-acceso-a-la-informacion-publica\/\u00bb url_new_window=\u00bbon\u00bb use_overlay=\u00bbon\u00bb overlay_icon_color=\u00bb#0c71c3&#8243; hover_icon=\u00bb%%136%%\u00bb align_tablet=\u00bbcenter\u00bb align_phone=\u00bb\u00bb align_last_edited=\u00bbon|desktop\u00bb admin_label=\u00bbTransparencia\u00bb _builder_version=\u00bb3.23&#8243; animation_style=\u00bbslide\u00bb animation_direction=\u00bbleft\u00bb animation_duration=\u00bb500ms\u00bb animation_intensity_slide=\u00bb10%\u00bb use_border_color=\u00bboff\u00bb border_color=\u00bb#ffffff\u00bb border_width=\u00bb1px\u00bb border_style=\u00bbsolid\u00bb sticky=\u00bboff\u00bb always_center_on_mobile=\u00bbon\u00bb][\/et_pb_image][et_pb_code admin_label=\u00bbTwitter\u00bb]<a class=\"twitter-timeline\" data-width=\"600\" data-height=\"800\" data-dnt=\"true\" href=\"https:\/\/twitter.com\/PrensaAguasdelC\">Tweets by PrensaAguasdelC<\/a> <script async src=\"\/\/platform.twitter.com\/widgets.js\" charset=\"utf-8\"><\/script>[\/et_pb_code][\/et_pb_column][\/et_pb_row][\/et_pb_section]<\/p>\n","protected":false},"excerpt":{"rendered":"<p>[et_pb_section fb_built=\u00bb1&#8243; fullwidth=\u00bbon\u00bb admin_label=\u00bbSecci\u00f3n\u00bb _builder_version=\u00bb3.22&#8243; custom_padding=\u00bb0px|0px|0px|0px\u00bb transparent_background=\u00bboff\u00bb make_fullwidth=\u00bboff\u00bb use_custom_width=\u00bboff\u00bb width_unit=\u00bboff\u00bb custom_width_px=\u00bb1080px\u00bb custom_width_percent=\u00bb80%\u00bb][et_pb_fullwidth_header title=\u00bbControl Interno\u00bb content_max_width=\u00bbnone\u00bb admin_label=\u00bbControl Interno\u00bb _builder_version=\u00bb3.16&#8243; background_color=\u00bb#0842a5&#8243; background_image=\u00bbhttp:\/\/aguasdelcesar.gov.co\/wp-content\/uploads\/2017\/02\/fondo-titulos-azul.png\u00bb background_url=\u00bbhttp:\/\/aguasdelcesar.gov.co\/wp-content\/uploads\/2017\/02\/fondo-titulos-azul.png\u00bb button_one_letter_spacing_hover=\u00bb0&#8243; button_two_letter_spacing_hover=\u00bb0&#8243; button_one_text_size__hover_enabled=\u00bboff\u00bb button_two_text_size__hover_enabled=\u00bboff\u00bb button_one_text_color__hover_enabled=\u00bboff\u00bb button_two_text_color__hover_enabled=\u00bboff\u00bb button_one_border_width__hover_enabled=\u00bboff\u00bb button_two_border_width__hover_enabled=\u00bboff\u00bb button_one_border_color__hover_enabled=\u00bboff\u00bb button_two_border_color__hover_enabled=\u00bboff\u00bb button_one_border_radius__hover_enabled=\u00bboff\u00bb button_two_border_radius__hover_enabled=\u00bboff\u00bb button_one_letter_spacing__hover_enabled=\u00bbon\u00bb button_one_letter_spacing__hover=\u00bb0&#8243; button_two_letter_spacing__hover_enabled=\u00bbon\u00bb button_two_letter_spacing__hover=\u00bb0&#8243; button_one_bg_color__hover_enabled=\u00bboff\u00bb button_two_bg_color__hover_enabled=\u00bboff\u00bb] [\/et_pb_fullwidth_header][\/et_pb_section][et_pb_section fb_built=\u00bb1&#8243; admin_label=\u00bbSecci\u00f3n\u00bb _builder_version=\u00bb3.22&#8243; custom_padding=\u00bb0px|0px|0px|0px\u00bb transparent_background=\u00bboff\u00bb make_fullwidth=\u00bboff\u00bb use_custom_width=\u00bboff\u00bb width_unit=\u00bboff\u00bb custom_width_px=\u00bb1080px\u00bb custom_width_percent=\u00bb80%\u00bb][et_pb_row column_structure=\u00bb2_3,1_3&#8243; admin_label=\u00bbFila\u00bb _builder_version=\u00bb3.25&#8243; background_size=\u00bbinitial\u00bb background_position=\u00bbtop_left\u00bb [&hellip;]<\/p>\n","protected":false},"author":1,"featured_media":0,"parent":67,"menu_order":0,"comment_status":"closed","ping_status":"closed","template":"","meta":{"_et_pb_use_builder":"on","_et_pb_old_content":"","_et_gb_content_width":""},"_links":{"self":[{"href":"https:\/\/aguasdelcesar.gov.co\/antiguo\/wp-json\/wp\/v2\/pages\/81"}],"collection":[{"href":"https:\/\/aguasdelcesar.gov.co\/antiguo\/wp-json\/wp\/v2\/pages"}],"about":[{"href":"https:\/\/aguasdelcesar.gov.co\/antiguo\/wp-json\/wp\/v2\/types\/page"}],"author":[{"embeddable":true,"href":"https:\/\/aguasdelcesar.gov.co\/antiguo\/wp-json\/wp\/v2\/users\/1"}],"replies":[{"embeddable":true,"href":"https:\/\/aguasdelcesar.gov.co\/antiguo\/wp-json\/wp\/v2\/comments?post=81"}],"version-history":[{"count":25,"href":"https:\/\/aguasdelcesar.gov.co\/antiguo\/wp-json\/wp\/v2\/pages\/81\/revisions"}],"predecessor-version":[{"id":3095,"href":"https:\/\/aguasdelcesar.gov.co\/antiguo\/wp-json\/wp\/v2\/pages\/81\/revisions\/3095"}],"up":[{"embeddable":true,"href":"https:\/\/aguasdelcesar.gov.co\/antiguo\/wp-json\/wp\/v2\/pages\/67"}],"wp:attachment":[{"href":"https:\/\/aguasdelcesar.gov.co\/antiguo\/wp-json\/wp\/v2\/media?parent=81"}],"curies":[{"name":"wp","href":"https:\/\/api.w.org\/{rel}","templated":true}]}}